hat is 0 + 116?
116
In base 16, what is -43 + d?
-36
In base 2, what is -1111101 + 0?
-1111101
In base 7, what is -2 - -6566?
6564
In base 3, what is 102020 + 210?
110000
In base 6, what is 2 + 35?
41
In base 14, what is 3 - 16?
-13
In base 2, what is 101 + -11010111?
-11010010
In base 14, what is -3 + 269?
266
In base 8, what is -2 - -12326?
12324
In base 11, what is -15 - -24a?
235
In base 6, what is -2 + 1?
-1
In base 14, what is -9 + 24?
19
In base 12, what is 1608 + 3?
160b
In base 16, what is 0 + -5f?
-5f
In base 14, what is -379 + 2?
-377
In base 5, what is 2002 + 103?
2110
In base 10, what is 1 + -41?
-40
In base 9, what is 6 - 262?
-255
In base 9, what is -433 - 2?
-435
In base 15, what is -15 + -2?
-17
In base 16, what is d - -3e?
4b
In base 5, what is -22111 - 3?
-22114
In base 3, what is -121 + -2012?
-2210
In base 14, what is -1d - -10?
-d
In base 15, what is 28 - 3?
25
In base 15, what is 207 - -8?
210
In base 12, what is -1 - 234?
-235
In base 10, what is -1 + 4605?
4604
In base 12, what is 2 - 3?
-1
In base 12, what is -8a0 + -2?
-8a2
In base 2, what is 10010000 - -11?
10010011
In base 6, what is 4213 - -4?
4221
In base 13, what is 1029 - 7?
1022
In base 13, what is -1c83 + 4?
-1c7c
In base 3, what is 2 + -101122?
-101120
In base 12, what is 6a7a + 3?
6a81
In base 16, what is -8b3a + -4?
-8b3e
In base 13, what is 4 + 215b?
2162
In base 2, what is -1001 + 10?
-111
In base 4, what is -13331 - -1?
-13330
In base 16, what is 21d + 3?
220
In base 4, what is -222 - 2?
-230
In base 14, what is 44 + -3d?
5
In base 6, what is -42 + 24?
-14
In base 5, what is -10 + -31142?
-31202
In base 14, what is 2a - 7?
23
In base 6, what is -14 - 10113?
-10131
In base 5, what is 111 - -10?
121
In base 2, what is -11111001111 - -11?
-11111001100
In base 15, what is -be + -e?
-cd
In base 14, what is -391 + 14?
-37b
In base 7, what is -52 + -550?
-632
In base 2, what is -11 - 1000111?
-1001010
In base 12, what is 112 - -37?
149
In base 4, what is -223102 + -12?
-223120
In base 8, what is 237 - 1?
236
In base 5, what is 4303 + 11?
4314
In base 15, what is -74 - -8?
-6b
In base 7, what is -5 + -32?
-40
In base 13, what is -2 + -280?
-282
In base 3, what is 11011021 + -10?
11011011
In base 16, what is 4 + 217?
21b
In base 2, what is 110000011 + 100?
110000111
In base 6, what is -105055 + -5?
-105104
In base 6, what is -31 - -23?
-4
In base 2, what is -110 + -1101010?
-1110000
In base 8, what is -26 + -1?
-27
In base 2, what is -100000 - -10010111?
1110111
In base 15, what is 1c9b + -1?
1c9a
In base 2, what is -10 + -101011110?
-101100000
In base 12, what is -32 + -3?
-35
In base 13, what is -2 - -117?
115
In base 8, what is 205 - -117?
324
In base 9, what is -56 - -153?
86
In base 8, what is -7 + -560?
-567
In base 14, what is 4 - 21?
-1b
In base 16, what is -e2b - 2?
-e2d
In base 15, what is -6c + 50?
-1c
In base 12, what is -253 + -5?
-258
In base 5, what is -1 + 1120?
1114
In base 11, what is -6a51 + 2?
-6a4a
In base 4, what is 11 + -120?
-103
In base 9, what is -20467 - 0?
-20467
In base 7, what is 416 - 104?
312
In base 9, what is 10065 - 0?
10065
In base 7, what is 231 + -1?
230
In base 7, what is 4 - -1024?
1031
In base 11, what is 2 + -1a?
-18
In base 14, what is -3 + -3a?
-3d
In base 6, what is -323 - -34?
-245
In base 8, what is -236 + -10?
-246
In base 5, what is 10 + 3022?
3032
In base 2, what is -11001100 - -11?
-11001001
In base 8, what is 3 + -70?
-65
In base 16, what is -2 + -4e?
-50
In base 8, what is -16627 + -2?
-16631
In base 4, what is 11201 + 11?
11212
In base 4, what is 1033231 + 11?
1033302
In base 3, what is 120221 + -12?
120202
In base 9, what is 1 + -6708?
-6707
In base 16, what is 1c8 - 5?
1c3
In base 14, what is 32 - 3?
2d
In base 16, what is 166e - -4?
1672
In base 7, what is -4215 + -4?
-4222
In base 5, what is 14420 + -11?
14404
In base 15, what is 16c + -1?
16b
In base 16, what is 2c2 + 3?
2c5
In base 16, what is -20d0 - -5?
-20cb
In base 10, what is 5 - -263?
268
In base 15, what is 2 + -44d?
-44b
In base 10, what is 17418 + 3?
17421
In base 11, what is 3a39 - 5?
3a34
In base 13, what is -276 - 1?
-277
In base 16, what is -1 + 4d?
4c
In base 14, what is -62 + 16?
-4a
In base 8, what is 3 - 126?
-123
In base 11, what is -88 - 131?
-209
In base 6, what is 3 + -112?
-105
In base 14, what is -5 + -109?
-110
In base 9, what is -13 - -2?
-11
In base 4, what is -3 - -2032?
2023
In base 10, what is -2 + 54?
52
In base 11, what is a6 - -4?
aa
In base 5, what is 0 + 304?
304
In base 12, what is 571b - 4?
5717
In base 12, what is 2b - 5?
26
In base 14, what is -1b72 - -5?
-1b6b
In base 6, what is -1 - 2325?
-2330
In base 13, what is -333 + -9?
-33c
In base 6, what is -43 - 13?
-100
In base 2, what is -1 + 11100111?
11100110
In base 6, what is 52255 - 1?
52254
In base 8, what is -6 - 327?
-335
In base 11, what is 4 + -460?
-457
In base 3, what is -111220220 + 0?
-111220220
In base 13, what is 5 + 2a?
32
In base 15, what is 2 - -25?
27
In base 16, what is a + -35?
-2b
In base 9, what is 3 + 20?
23
In base 6, what is 13041 + 2?
13043
In base 10, what is 2048 - 4?
2044
In base 9, what is 815 + -5?
810
In base 7, what is 42 + 256?
331
In base 11, what is a93 + -4?
a8a
In base 5, what is 21244 - -3?
21302
In base 12, what is 2 + 35?
37
In base 5, what is 331 - 1320?
-434
In base 15, what is 48 + 1c?
65
In base 2, what is -1001100101100 + 10?
-1001100101010
In base 13, what is 4 - 294?
-290
In base 12, what is 0 + -170?
-170
In base 10, what is -5 + -77?
-82
In base 12, what is -5 - 1b1?
-1b6
In base 6, what is 153 + 4?
201
In base 2, what is -11101100110111 + 0?
-11101100110111
In base 13, what is -1c + -a?
-29
In base 3, what is -202010 - 12?
-202022
In base 6, what is -11 + -3?
-14
In base 12, what is 2 - -740?
742
In base 9, what is 7151 - 4?
7146
In base 7, what is 101 - -514?
615
In base 11, what is 258 + -6?
252
In base 14, what is -6 - 18?
-20
In base 13, what is 0 - ab?
-ab
In base 7, what is 0 + 31?
31
In base 7, what is 225 + 40?
265
In base 12, what is -166 - 10?
-176
In base 2, what is 0 + 110111101?
110111101
In base 13, what is 92 - -21?
b3
In base 5, what is 442 + -10?
432
In base 15, what is 11 - -a4?
b5
In base 2, what is -111100 + 10?
-111010
In base 10, what is -2 - 113?
-115
In base 14, what is -45b - -3?
-458
In base 14, what is b4 + -1?
b3
In base 13, what is -5 - -712?
70a
In base 10, what is -909 + 0?
-909
In base 14, what is -2 + -64?
-66
In base 6, what is 343 + 41?
424
In base 2, what is 111 + 1000?
1111
In base 12, what is 13 - -6?
19
In base 3, what is -2 + 10022?
10020
In base 9, what is -3 + -8?
-12
In base 5, what is 1 + 22124?
22130
In base 5, what is 242303 - -10?
242313
In base 7, what is -3 - -314?
311
In base 12, what is -5 - 119?
-122
In base 4, what is -130 + -10221?
-11011
In base 15, what is 6 + 2a6?
2ac
In base 2, what is 10 - 110001?
-101111
In base 4, what is 0 - -102013?
102013
In base 6, what is -204 + 10?
-154
In base 4, what is 12122 - -10?
12132
In base 14, what is 1 + -cad?
-cac
In base 5, what is 32001 + 4?
32010
In base 15, what is 6a3 - -4?
6a7
In base 5, what is -20230 - 1?
-20231
In base 11, what is 5 + -29?
-24
In base 2, what is 101 - -1001110?
1010011
In base 7, what is -13 + -24?
-40
In base 16, what is 3 - 3c?
-39
In base 12, what is -28 + a?
-1a
In base 11, what is 0 - 523?
-523
In base 5, what is -22 - -34330?
34303
In base 14, what is -58a + 1?
-589
In base 13, what is -17c + -3?
-182
In base 7, what is 304 - 5?
266
In base 4, what is 2 + -123?
-121
In base 2, what is -1100111 + 111101?
-101010
In base 13, what is -133 + 55?
-ab
In base 12, what is 17 - -b6?
111
In base 14, what is -4 + 651?
64b
In base 6, what is -3 + -135?
-142
In base 8, what is -6 + 1?
-5
In base 5, what is -2 - 1242?
-1244
In base 4, what is -322211 + -1?
-322212
In base 7, what is -3 - -205?
202
In base 15, what is -4 - -39?
35
In base 7, what is -4221 + 3?
-4215
In base 8, what is -1445 + 4?
-1441
In base 7, what is -2406 - -1?
-2405
In base 8, what is 4 - 12613?
-12607
In base 8, what is 3 + -211?
-206
In base 5, what is 2343 + 33?
2431
In base 16, what is 2c - -1?
2d
In base 9, what is 44 - 10?
34
In base 6, what is 0 + 402?
402
In base 11, what is 5 + -44?
-3a
In base 2, what is 1 + -10111?
-101